mainder when 281354 is divided by 56.
10
What is the remainder when 4512575 is divided by 21?
11
Calculate the remainder when 42158627 is divided by 44145.
152
What is the remainder when 74035 is divided by 8653?
4811
Calculate the remainder when 94211 is divided by 89655.
4556
Calculate the remainder when 61514 is divided by 727.
446
What is the remainder when 25544 is divided by 1682?
314
Calculate the remainder when 6505421 is divided by 47484.
113
What is the remainder when 1252405 is divided by 24?
13
Calculate the remainder when 67131642 is divided by 1198779.
18
Calculate the remainder when 118449 is divided by 979.
969
What is the remainder when 6646724 is divided by 96?
68
What is the remainder when 1038645 is divided by 1935?
1485
Calculate the remainder when 242329834 is divided by 1126.
1122
Calculate the remainder when 17170768 is divided by 32.
16
Calculate the remainder when 93556 is divided by 373.
306
Calculate the remainder when 253879 is divided by 84573.
160
Calculate the remainder when 250630 is divided by 13678.
4426
What is the remainder when 11207789 is divided by 45?
44
What is the remainder when 11850157 is divided by 240?
157
What is the remainder when 34080346 is divided by 50?
46
Calculate the remainder when 1201 is divided by 493.
215
What is the remainder when 5585370 is divided by 44328?
42
What is the remainder when 142712 is divided by 1878?
1862
Calculate the remainder when 1812212 is divided by 3819.
2006
What is the remainder when 2585272 is divided by 1334?
1314
What is the remainder when 9505871 is divided by 94?
27
Calculate the remainder when 6792813 is divided by 376.
373
Calculate the remainder when 12935152 is divided by 21.
13
Calculate the remainder when 218004 is divided by 59.
58
What is the remainder when 95367695 is divided by 11920961?
7
Calculate the remainder when 397215 is divided by 47.
18
What is the remainder when 362203 is divided by 762?
253
Calculate the remainder when 505038 is divided by 1269.
1245
Calculate the remainder when 289794670 is divided by 5268994.
0
Calculate the remainder when 16407095 is divided by 4708.
4423
What is the remainder when 139187 is divided by 1002?
911
What is the remainder when 7964114 is divided by 42362?
58
What is the remainder when 94786246 is divided by 26?
22
What is the remainder when 435416 is divided by 629?
148
Calculate the remainder when 354616 is divided by 4772.
1488
What is the remainder when 1473645 is divided by 1849?
1841
What is the remainder when 39329548 is divided by 270?
268
What is the remainder when 64857573 is divided by 8665?
48
Calculate the remainder when 980385461 is divided by 173.
170
Calculate the remainder when 13930 is divided by 1299.
940
Calculate the remainder when 5402649 is divided by 470.
469
What is the remainder when 517322 is divided by 172311?
389
Calculate the remainder when 176961 is divided by 124.
13
What is the remainder when 10141893 is divided by 1462?
1461
What is the remainder when 594700 is divided by 436?
432
Calculate the remainder when 129177 is divided by 42963.
288
Calculate the remainder when 1007172 is divided by 335581.
429
What is the remainder when 51435683 is divided by 22840?
3
Calculate the remainder when 33714097 is divided by 115.
7
What is the remainder when 377777 is divided by 31?
11
What is the remainder when 19798160 is divided by 46915?
30
What is the remainder when 145503 is divided by 24067?
1101
Calculate the remainder when 50308 is divided by 23985.
2338
Calculate the remainder when 31693 is divided by 148.
21
What is the remainder when 1885613 is divided by 628422?
347
What is the remainder when 11243 is divided by 1852?
131
Calculate the remainder when 5624889 is divided by 404.
401
Calculate the remainder when 799649 is divided by 24225.
224
What is the remainder when 4593359 is divided by 4127?
8
What is the remainder when 6364084 is divided by 8839?
4
Calculate the remainder when 808793 is divided by 36762.
29
What is the remainder when 413746030 is divided by 94441?
9
What is the remainder when 12748956 is divided by 135627?
18
Calculate the remainder when 799520 is divided by 159817.
435
Calculate the remainder when 9195964 is divided by 33.
19
What is the remainder when 8330652 is divided by 254?
214
What is the remainder when 427658 is divided by 8899?
506
Calculate the remainder when 455983665 is divided by 5103.
5100
Calculate the remainder when 3702133 is divided by 82.
79
What is the remainder when 11474081 is divided by 318721?
125
Calculate the remainder when 328574 is divided by 1612.
1338
Calculate the remainder when 170847 is divided by 487.
397
What is the remainder when 37246 is divided by 1886?
1412
What is the remainder when 2099780 is divided by 189?
179
Calculate the remainder when 157068 is divided by 279.
270
What is the remainder when 2835208 is divided by 345?
343
Calculate the remainder when 9200421 is divided by 306678.
81
What is the remainder when 1432931498 is divided by 6500?
6498
What is the remainder when 39698 is divided by 157?
134
What is the remainder when 36977314 is divided by 2081?
25
What is the remainder when 38699 is divided by 645?
644
Calculate the remainder when 25440781 is divided by 2762.
2761
What is the remainder when 21490174 is divided by 1632?
1630
Calculate the remainder when 60198406 is divided by 593.
11
What is the remainder when 15631505 is divided by 18?
17
What is the remainder when 1337760 is divided by 102898?
86
What is the remainder when 75032047 is divided by 812?
811
What is the remainder when 36769823 is divided by 1008?
1007
Calculate the remainder when 652737 is divided by 65114.
1597
Calculate the remainder when 3232753 is divided by 9.
7
Calculate the remainder when 77750 is divided by 38849.
52
Calculate the remainder when 114625 is divided by 837.
793
What is the remainder when 152825561 is divided by 168?
161
What is the remainder when 30087 is divided by 4141?
1100
Calculate the remainder when 4266407 is divided by 609467.
138
Calculate the remainder when 115784933 is divided by 30.
23
What is the remainder when 282191 is divided by 281853?
338
What is the remainder when 13437 is divided by 6717?
3
Calculate the remainder when 230485 is divided by 57571.
201
What is the remainder when 41542046 is divided by 2550?
2546
Calculate the remainder when 831317 is divided by 1630.
17
Calculate the remainder when 54792 is divided by 1287.
738
Calculate the remainder when 53644 is divided by 50031.
3613
Calculate the remainder when 179808 is divided by 240.
48
What is the remainder when 287288097 is divided by 275?
272
What is the remainder when 3225632 is divided by 640?
32
Calculate the remainder when 4069871 is divided by 67831.
11
What is the remainder when 233809 is divided by 233794?
15
Calculate the remainder when 35493359 is divided by 740.
739
Calculate the remainder when 19771031 is divided by 151.
148
What is the remainder when 4727758 is divided by 57?
7
Calculate the remainder when 1389100021 is divided by 27.
25
Calculate the remainder when 566372881 is divided by 3937.
3935
What is the remainder when 701133 is divided by 320?
13
Calculate the remainder when 15133696 is divided by 975.
721
Calculate the remainder when 517393 is divided by 172428.
109
Calculate the remainder when 5376440 is divided by 14852.
16
What is the remainder when 114874 is divided by 67?
36
Calculate the remainder when 2532913 is divided by 124.
89
Calculate the remainder when 99150 is divided by 5217.
27
Calculate the remainder when 3784081 is divided by 454.
445
What is the remainder when 135319 is divided by 27009?
274
Calculate the remainder when 22674067 is divided by 3331.
3281
Calculate the remainder when 59340 is divided by 14336.
1996
What is the remainder when 113780 is divided by 2811?
1340
Calculate the remainder when 7215363 is divided by 214.
139
What is the remainder when 73516954 is divided by 244?
242
Calculate the remainder when 2652312 is divided by 42778.
76
What is the remainder when 49618135 is divided by 195?
190
What is the remainder when 4805010 is divided by 106778?
0
What is the remainder when 123533663 is divided by 207?
203
Calculate the remainder when 1384480 is divided by 2255.
2165
Cal